its digit of s?
2
Let g be (1 + -4)/(-3) + -1. Suppose g = 2*n - v - 213, 2*n + 3*v = -2*v + 231. Let w = n + -24. What is the tens digit of w?
8
Let n(u) = 2*u + 58. Let p be n(-27). Suppose 850 = c + p*h, 155 + 723 = c - 3*h. What is the units digit of c?
6
Let j = -122 + 131. Suppose 0 = -7*o + j*o + 3*n - 69, -2*n = 3*o - 96. What is the units digit of 5/o*-3 + (-311)/(-2)?
5
Let u = -7 + 18. Suppose -u*k + 667 = -37. Suppose -181 = -5*o + k. What is the tens digit of o?
4
What is the thousands digit of (18 + -15)*(1 - -2)*881?
7
Let v(l) = -33736*l**3 + 42*l**2 + 43*l + 2. What is the ten thousands digit of v(-1)?
3
What is the units digit of (-403648)/(-147) + (-28)/(-294)?
6
Suppose 175 = 11*p - 243. Suppose -p*k - 66 = -39*k. What is the tens digit of k?
6
Suppose 5*t + 28 = 3*p + 10, 0 = -t. Let z be (0 + p)*(2 - -10). Suppose -3 = g, 0 = y - 0*g + g - z. What is the units digit of y?
5
Let p(l) = 72*l**2 - 22*l + 93. What is the tens digit of p(8)?
2
Suppose y + 5*b + 5214 - 22279 = 0, -y = 2*b - 17083. What is the tens digit of y?
9
What is the ten thousands digit of 317101/7 - 103/(9373/(-78))?
4
Suppose -3*p = -316 - 323. Suppose 0 = -3*v + 3*m + p, 3*v = -3*m - 2*m + 229. Let y = -63 + v. What is the tens digit of y?
1
Let t(q) = -q**2 + 9*q. Let p be t(8). Let m = p - 6. Suppose 0 = 4*x + 8, 77 = m*w + 2*x + 21. What is the tens digit of w?
3
Let m = 2 + 3. Let a be -3*1504/18*36/(-48). Suppose -a = -m*j + 82. What is the tens digit of j?
5
Let d = 45517 - 25160. What is the tens digit of d?
5
Let a = -287 - -500. Let o be 12 + -8 + -14*(-3)/(-6). What is the units digit of (o/(-2))/((-2)/4) + a?
0
Suppose 484*n = 542*n - 242672. What is the units digit of n?
4
Suppose 0 = 8*d - 2*l - 86002, -2*d + 5*l - 7*l = -21518. What is the units digit of d?
2
Suppose 18 = 2*o, 5*h + 2*o - 231374 = 30424. What is the hundreds digit of h?
3
Let g = -60 - -102. Let m = -36 + g. Suppose 78 - m = 6*y. What is the units digit of y?
2
Suppose 57*p = -6811 + 140932. What is the hundreds digit of p?
3
Suppose -a = 8*a + 2628. Let w = 154 - a. What is the units digit of w?
6
Let a(b) = -b + 27. Let i be a(25). Suppose -k - 6*d + 124 = -i*d, 4*k - 5*d = 433. What is the units digit of k?
2
Suppose r - 291 = -2*r. Suppose -z + r + 476 = 0. What is the tens digit of z?
7
Let n(g) = g**3 - 7*g + 3. Let s be n(3). Suppose -4396 = -s*v - 31. What is the units digit of v?
5
Let g(f) = 4*f - 17. Let z = 73 - 68. Let p be g(z). Suppose -3*b + 2*r + 23 = -66, 4*b = -p*r + 130. What is the tens digit of b?
3
Suppose -4*m + 28*w = 22*w - 69452, -3*w - 6 = 0. What is the tens digit of m?
6
Let d(f) be the second derivative of f**4/12 + 5*f**3/3 + 15*f**2/2 + 73*f - 12. Let n be 1 - (1 + 1 + 9). What is the units digit of d(n)?
5
Let l(o) = o - 16. Let t be l(6). Let h be 16/t*12700/(-40). Suppose 75*d - h = 71*d. What is the tens digit of d?
2
Suppose -107*q + 422028 + 216887 - 186305 = 0. What is the hundreds digit of q?
2
Suppose -13*x - 3*x = -12*x - 9064. What is the units digit of x?
6
Let r(a) = -188*a + 2401. What is the units digit of r(-35)?
1
Suppose 4*y = 2*g + 34, 4*y - 19 - 16 = 3*g. Let b(t) = 2*t**2 + 14*t - 36. What is the units digit of b(y)?
4
Suppose -31443 = 149*f - 151*f + 2155. What is the units digit of f?
9
Suppose 450 = 5*j - 5*r, -2*r - 453 = -2*j - 3*j. Suppose 5*x = -3*h - 578, 2*h - 3*x + 269 + j = 0. Let w = -29 - h. What is the units digit of w?
7
Let m(g) = g**3 - 13*g**2 - 7*g + 11. Let c be m(13). Let t = -74 - c. Suppose o = t*n - 5*n + 233, n = 2*o - 470. What is the tens digit of o?
3
Let q(f) = -10*f - 26*f**2 + 52*f**2 - 44 - 29*f**2. Let r be q(-8). Let j = r + 240. What is the tens digit of j?
8
Let a(r) = -4*r**2 + 63*r + 18. Let n be a(16). Suppose -p + 5*o = -1046, -n*p = -5*o + 48 - 2115. What is the units digit of p?
1
Let l(x) = -x**3 + 1. Let b(o) = -26*o - 17*o**3 + 15 - 5*o**2 + 30*o**3 - 16*o**3 - 11*o**2. Let m(a) = -b(a) + 4*l(a). What is the units digit of m(17)?
2
Let u = 756 - 717. Suppose -4*k = 20, -42*g + 2*k + 769 = -u*g. What is the units digit of g?
3
Suppose 4*j + c - 22765 = 0, -5*j + c + 14726 + 13728 = 0. What is the thousands digit of j?
5
Suppose 1 + 8 = -9*s. Let n be (6/(-12))/(s/2). Suppose -2*d = 4*z + 5 - n, -5*z - 35 = -5*d. What is the units digit of d?
4
Suppose -70*c + 25884 = -31*c - 27*c. What is the thousands digit of c?
2
Suppose 516*v + 8905184 = 764*v. What is the units digit of v?
8
Let n = 186 - 187. What is the tens digit of ((-302)/(-6))/(n/(-6))?
0
Suppose 19*g = 16*g + 72. Suppose 23*v - 24 = g*v. Let r = v + 27. What is the units digit of r?
3
Let k be (-27)/63 - (-6)/14. Suppose 2*v - 34 - 472 = k. What is the units digit of v?
3
Let y = -40343 + 69920. What is the thousands digit of y?
9
Let p(w) = 582*w + 10492. What is the ten thousands digit of p(31)?
2
Let b(m) = 237*m**3 - m**2 + 7*m - 1. Let i be b(3). What is the hundreds digit of 1/(-7 - i/(-915))?
1
Let p(w) = 22*w**3 - 2*w**2 + 18*w - 110. What is the ten thousands digit of p(8)?
1
Suppose 3*m - 5700 = -3*v, 3*m - 7*m = -v + 1885. What is the tens digit of v?
9
Let n = 106632 - 71879. What is the hundreds digit of n?
7
Suppose 1696041 = -76*d + 6399377. What is the thousands digit of d?
1
Let y(h) = h**3 + 112*h**2 + 33*h - 2672. What is the units digit of y(-111)?
6
Let q = -4190 + 4311. What is the tens digit of q?
2
What is the hundreds digit of -2 - (-24623)/7 - (-45)/105?
5
Let j(r) = -6*r**3 - 8*r**2 + 61*r - 41. What is the thousands digit of j(-8)?
2
What is the tens digit of 16752/3 + -54 + 55?
8
Suppose 57 = 2*u - 2*p + 17, -3*u + 54 = 3*p. Let n = 1954 + -1972. Let i = u + n. What is the units digit of i?
1
Let i = 63 + -64. Let z be 2*i*3*254/(-6). What is the units digit of (-39)/26 + z/4?
2
Let y(w) = 220*w - 576. What is the thousands digit of y(38)?
7
Suppose 90816 = 35*k - 3*k. What is the thousands digit of k?
2
Suppose 150 = 2*u - 5*u. Let q = 1731 + -1669. Let r = u + q. What is the tens digit of r?
1
Suppose 1721 = 17*j - 16*j. Suppose 6*a - 1165 = j. Let c = a + -309. What is the units digit of c?
2
What is the hundreds digit of (-58478)/(-11 - -18)*-1?
3
Let u = -18 - -21. Suppose 10 = -u*f + f. Let j(v) = v + 21. What is the units digit of j(f)?
6
Let w(o) be the third derivative of -3*o**4 + 10*o**3/3 + 64*o**2. What is the tens digit of w(-4)?
0
What is the thousands digit of (-288)/(-1920) - (-2642194)/40?
6
Let n(f) = 19*f + 32*f - 3 - 74*f. Let x be n(-1). What is the tens digit of (-3)/(9/64)*(-75)/x?
8
Let l(t) = 285*t**2 - 33*t + 198. What is the hundreds digit of l(6)?
2
Let q be (-12)/9*-6 + -6. Suppose q*g - 5*h = g + 63, -4*h = -2*g + 132. What is the tens digit of g?
6
Let s(f) = 8*f - 26. Let p be s(4). Suppose -2*y - 4*d + 1508 = 0, -y - 2*d = -p*d - 748. What is the hundreds digit of y?
7
Let q = -6 + 11. Suppose 0 = 3*a + q*t - 1562, 8*a - 549 = 7*a + 4*t. What is the units digit of a?
9
Let s(x) = 20*x**2 + 10*x - 28. Let f(b) = -5*b + 44. Let q be f(8). What is the units digit of s(q)?
2
Let o(r) = -5*r**3 - 2*r**2 - 4*r - 1. Let v be o(-3). Let i = 143 - v. What is the units digit of i?
5
Let q(z) = z**2 - 5*z - 2. Let b be q(6). Suppose b*x - 524 = -4*w + 1652, 0 = -4*w - 5*x + 2174. What is the units digit of w?
6
Suppose 0 = -s - 0*s + 163. Let r be 19/4 - (-14)/56. Suppose 843 - s = r*x. What is the units digit of x?
6
Let c = 2133 + -1309. Let z = c - 53. What is the hundreds digit of z?
7
Let z be (-2)/(2*(-5)/(-295)). Suppose 41 + 41 = -2*o. Let r = o - z. What is the units digit of r?
8
Let a be 2/(-12) + 38/12. Suppose -a*r - 4*s - 719 = 0, -451 = -r + 3*r - 3*s. Let x = -80 - r. What is the units digit of x?
3
Suppose 9*y + 15 = 11*y - 5*k, -4*y - 2*k = -42. Let x(b) = -b**2 + 4*b - 3. Let c be x(3). Suppose -y*l + 980 = -c*l. What is the units digit of l?
8
Let g(f) = 53 + 11*f**2 - f**2 - 6*f**2 - 3*f**2 - 4*f. What is the units digit of g(-6)?
3
Let a = 6268 - 3639. Let w = a - 1842. What is the hundreds digit of w?
7
Let t(d) = -d**3 + 6*d**2 - 5*d - 7. Let b be t(3). Suppose -b*z - z = -984. What is the tens digit of z?
6
Let s = 20008 - -7859. What is the thousands digit of s?
7
Let i(d) = 3*d + 23. Suppose 13 = 2*f + 3*j, 3*f + 7 = 4*f + 2*j. Sup